- (2 + 0))) - 0.
0
Evaluate 20 + -2 - (-37 - -45 - (45 - 25)).
30
1 + (8 - 4 - 56) + -5 + -30 + 37
-49
Evaluate 102 - (18 + -30 + 14 - (-5 + -1) - 13).
107
-2372 + 2356 - (-1 - 0)
-15
What is the value of 174 + -88 + -75 - (2 - 58)?
67
What is the value of -87 - (3 + (38 - 103))?
-25
5 + -2 + -10 + 48 + -153
-112
What is (-11 - ((6 + -42 - -13) + 8)) + -25 + 1?
-20
What is the value of 5 - ((25 - (-8 + 17)) + -16) - -29?
34
Calculate -8 + (8 - 14) - ((-7 - (-14 - -11)) + 38).
-48
What is the value of 16 + -5 + (21 - (-18 + 16 + 7))?
27
45 + -22 + (-25 - 0)
-2
What is (-15 + 7 - (-3 + -7)) + -5 - (-3 - 25)?
25
13 - (21 + (4 + 65 - 20))
-57
Evaluate -5 + (-73 + 34 - -25).
-19
What is 37 - 17 - (29 + 28 + -39)?
2
0 + 9 - (17 - (-7 + 9) - (91 + -47))
38
Evaluate 34 + -1 - ((58 - 0 - 26) + -27).
28
Calculate 3 + 3 + (-27 - -7) + -3.
-17
What is (-35 + 12 - 41) + (-5 - 3)?
-72
Calculate -63 - 32 - 13 - -40.
-68
Evaluate -32 - ((-40 - -30) + -13) - (16 + -1).
-24
What is 52 + (81 - 140) - (-67 + -1 + 0 + -2)?
63
-90 - (7 + 2 + -1200 + 1172)
-71
-46 + (3 - -37) + (-3 - 0) + 15
6
-13 + 6 + (-7 + 20 - 2) + -16
-12
Evaluate -20 + 182 + -166 + 1 + 7 + -32.
-28
Calculate 131 - 100 - (8 + 18).
5
What is the value of 102 + (-6 - 24) + -64?
8
-9 - (-35 + 36 + -22 + 5)
7
What is the value of (-1 - -59 - 0 - 1) + (-6832 - -6832) - 4?
53
What is the value of 0 + 2 + 1 + -56 - (93 + 57 - 143)?
-60
Calculate -31 + 68 - -11 - -66.
114
Calculate 54 + 25 + -37 + -64.
-22
Calculate 14 + ((-39 + 60 - 17) + 0 + 19 - 12).
25
What is the value of (9 + -7 - -10) + (13 - 10 - -43 - -5)?
63
Calculate (-34 - -17 - -22) + -10 + 2 + (-2 - 7).
-12
What is 4 + 4 + 55 - (251 + -243)?
55
Calculate 13 + 11 + 7 + -24 + 54.
61
(0 + -3 - 0) + (-47 - (15 + -24 + 27))
-68
What is the value of 88 - (-58 - (-61 + -31))?
54
21 + 150 + -81 + -143
-53
What is 6 - 2 - (-16 - (-1 + 2 + (19 - 14)))?
26
-48 - ((-301 - -302) + 17 + -2)
-64
(14 - -1 - -17) + -57
-25
What is -9 + (1 - -28) + -13 + 41 + 9?
57
What is the value of 136 - 108 - ((2 - -1) + -10 + (2 - 6))?
39
107 - (-44 + 36 - -85)
30
What is 9 + 24 + -27 + -11 - -20?
15
Calculate (0 - 3) + -22 - (10 + -10) - 12.
-37
Calculate -195 + 46 + 35 + -36 + 26.
-124
Evaluate -85 + 44 - (17 - 95 - 8).
45
Evaluate (49 - 28) + 13 - 42.
-8
Evaluate (-14 - (20 + -43)) + (-6 - 4 - -2).
1
What is (0 - 10) + (-10 + 38 + -12 - 14)?
-8
Calculate -36 + -3 + (25 - 32) + 2 + 2.
-42
What is (552 - 451) + 17 + -176?
-58
What is the value of -8 + 5 + (9 - (27 + -10)) + -1 + 22?
10
What is the value of -18 - ((22 - (-3 + 9)) + (-12 - (27 - 10)))?
-5
43 + -6 + 5 + -24 + 12
30
What is the value of -59 - -1 - (-53 - -355 - 321)?
-39
Calculate -12 - (2 + -1 + (-64 - -69)).
-18
76 + 1 + 141 + (-22 - 134)
62
-34 - (54 + -107 - -50)
-31
98 - (56 + -139 - -80)
101
What is the value of -2 + ((2 - 3) + -103 - (804 + -828))?
-82
Evaluate (1 - (15 - (7 - -1) - -3)) + 18 + 0.
9
What is the value of -38 + -10 + 24 + 10 - (-4 + -28)?
18
What is the value of 28 - ((0 + (-9 - -2) - 4) + -5 + 9)?
35
Calculate -113 + 2 + 103 - (4 + -1).
-11
98 - (3 + 86 + 22)
-13
Evaluate -332 + 347 + (-3 - (-9 - -6) - 101).
-86
Evaluate (-17 - -19) + 39 + ((-5 - -7) + 0 - -8).
51
Calculate -3 + -33 + -7 + 12 + (-6 + -5 - -3).
-39
49 + (-43 - (36 - 54))
24
Calculate -15 - -17 - (-16 - (10 + -8 - 5)).
15
Calculate -58 - (12 - (22 + 22 + -25)).
-51
Evaluate -62 - ((57 - 57) + (4 - -1 - 19)).
-48
(-1 - (4 - 4)) + (200 - 66) - (2 - -10)
121
Calculate (-5 - 1 - 2) + (-45 - (8 - 19)).
-42
What is the value of -14 - (-4 + -39 + (301 - 147))?
-125
(-1 - 39 - (7 + -37)) + (-9 - 0)
-19
Calculate -18 + (-22 + -2 - (-145 + 136)).
-33
Evaluate -39 + 2 + (410 - 498) + 6.
-119
Calculate 12 + (3 + 8 + (-30 - -9) - (-17 - -30)).
-11
Evaluate (-14 + (-9 - -3) - -8) + (1 - 12) + -4.
-27
What is the value of (21 + -12 - -11 - 24) + (-46 - -1)?
-49
What is 16 + -31 - (-116 - -154)?
-53
(-44 - (-3 + (-4 - (-20 - (1 - 10))))) + 3
-45
(52 - 69 - 57) + 77
3
What is 0 - (874 - 870 - (1 - -53))?
50
Calculate (-23 - -19) + 16 + 3 + -42.
-27
What is the value of -24 + 12 + -25 + 2?
-35
What is 0 + (-6 - -8) + -4 - (53 + -42)?
-13
Calculate 6 + -5 + (14 + -7 - 12 - -4).
0
What is the value of 32 + -32 + -7 + 14 + 12 + 2 + -5?
16
-24 + (9 - -4) - -27 - 1 - (-1 + 103)
-87
Calculate -10 + ((0 - 1) + 17 - (-99 + -10 + 100)).
15
What is (-1 - 1) + 10 + 4 + 2 + (-32 - 54)?
-72
-17 + (13 - (-28 - (-1 + -10))) + -13
0
Calculate 55 - (-15 + 64) - (-3 - (1 - -9)).
19
Calculate 9 + (131 - -9 - 15) + -22.
112
What is -29 - (4 + -1 - 1 - (-51 + 170 + -130))?
-42
What is the value of 1424 + -1389 + 4 + -47?
-8
What is the value of -9 + -1 + (-148 - -142) - (57 + -159)?
86
Calculate (3 - 3 - 33) + 0 + (9 - (-1 - -16)).
-39
-10 + 15 + 52 - ((-14 - -20) + 6)
45
What is the value of 150 + -55 + 30 - 47?
78
What is the value of 173 + (-46 - 127) + (-1 - -15)?
14
Evaluate 4065 - 4054 - (2 + -4 + -1 + -5).
19
Evaluate -87 - -59 - ((-16 - -1) + 7 - 2).
-18
Evaluate 1786 + -1898 - (-54 + 0).
-58
Calculate -34 + (46 - 35 - (0 + -4 - 2)).
-17
(13 - (2 - (-19 + -24))) + 20 - -89
77
What is -1162 + 1208 - (41 + 0)?
5
Evaluate 261 - 271 - (2 + 1) - (4 - 8 - -23).
-32
Calculate -3 + (9 - 15 - -9) - -3 - (43 - -1).
-41
Evaluate -9 + 3 + 7 + -104 + (-23 - -83).
-43
Calculate -108 - (21 - 16 - (0 + -3)).
-116
What is the value of (48 - 3) + (386 - 376) + (1 - 0) + -1?
55
Evaluate 31 + -20 - (-4 - (1 - -53) - -6) - 12.
51
Evaluate (82 - 64) + 46 + -32.
32
-4 + (6 - 1 - 1 - (-3069 - -2990)) - 10
69
26 + (13 - ((3 - 6) + 81 + -54))
15
(46 - (82 - (19 + 29))) + (0 - 10)
2
Evaluate (-115 - -104) + 21 - -83.
93
-703 - -714 - (12 - 0) - 28
-29
Calculate (36 - 56 - ((2 - 11) + -9)) + (76 - 1).
73
Calculate (-1 - 7) + (-4 - (-5 + 8) - 1).
-16
What is the value of 51 - (52 - 2) - (-45 + -1)?
47
Calculate -20 - (9 - 1 - (170 - 145)) - (-77 - 0).
74
41 + -49 + (-25 + -1 + 3 - (-19 + 24))
-36
What is the value of 11 + (-1 - (10 - -27))?
-27
(-16 - 3) + 12 - (95 + -95)
-7
-73 - 2 - (-8 + (-10 + -15 - -56))
-98
-19 - (-5 + -6) - -10 - (-41 + (-1 - -3))
41
Evaluate (-11 - 8) + 10 + -3 + (-6 - -32 - -30).
44
What is 8 + (10 - (11 + -6 + 4 - (7 - -20)))?
36
Calculate (-285 - -305) + (-11 - -9).
18
Evaluate (31 - 34) + (6 - -13) + 11.
27
What is the value of (2 - -9 - (-13 + 16)) + (-39 - -21)?
-10
Calculate 57 + 16 + (12 - (10 + -2)).
77
What is (155 + -136 - (-4 + -9)) + -26?
6
Calculate -5 + 17 - (-50 - (44 + -94)).
12
What is 22 + (-29 - 51) + 23?
-35
What is the value of (-1 - -1) + 9 - (3137 - 3146)?
18
Evaluate 0 + -8 + (124 - 192) + 117.
41
(-2 + 19 + 54 + -60 - -10) + 2 + 3
26
Calculate 39 - 6 - (286 + -216).
-37
Evaluate 34 + -24 + (-50 + -6 - -8).
-38
What is -45 - 19 - (-151 + 131)?
-44
What is 15 - ((27 - (-14 + 22)) + -25 - (1 + 103))?
125
89 + (2 - 67 - -13)
37
Calculate 39 - (-5 + -9 + (25 - -3) + (-35 - -16)).
44
-26 - (27 + -10 + 2 + 35)
-80
(-3 - -80) + (21 - 10 - 52)
36
What is (-1 - -1 - -109 - (6066 + -6072)) + -8?
107
Calculate 0 + 5 + (-103 - 0) - (28 + -46 + 12).
-92
What is 7 - -6 - (-19 + 3 + (-4 - -45))?
-12
What is (-72 - (-44 - 26)) + -46?
-48
2 + 1 + -15 + 11 + -1 + -4 - -48
42
(-1 - 0) + -13 + 5 + 14 - (-9 - 0)
14
Calculate (-72 + 79 - ((0 - 8) + 0)) + -3.
12
What is 26708 + -26779 - (-1 - (30 - 0))?
-40
What is (137 - 119 - (7 - 7 - (1 - 13))) + -12?
-6
Evaluate -66 + -9 + 4 + (13 - 6) + (5 - -4).
-55
Calculate (-8 - (-9 - -2)) + -13 - (131 - 247).
102
What is the value of -27 - (-3 - -7) - (-391 - -398)?
-38
What is the value of (-25 - 0) + (0 - (-1 + -1)) - (-779 + 783)?
-27
What is the value of -3 - -13 - (-9 + -3 + 13)?
9
What is -60 + (-4 - 35) + 62?
-37
What is 9 - (22 - (8 + 1 + -82 + 80)) - 1?
-7
What is 7 - (-29 + (85 - 30))?
-19
(-127 - (-35 + 5 + -1)) + -5
-101
74 + 75 + -200 - -56
5
19 + -20 + (0 - (2 + -11 + 20 + 17))
-29
Calculate 16 + (21 - 11) + -52 - -4.
-22
Calculate 82 - (36 - -23) - 33.
-10
What is (8 - (-16 + 3 + 4)) + -98 + -7?
-88
Calculate -42 + -1 + (-2 + -7 - -24 - 4).
-32
What is 114 + -72 + 20 + -102?
-40
What is 20 + (-29 - -12) + -2 + -77 - (-9 + 10)?
-77
What is -21 - (-15 - (-17 + 17)) - -46?
40
Evaluate (1 - -7) + 0 - (-493 + 488) - -6.
19
-3 + 34 + (12 - -25 - -9)
77
11 + -15 - ((-8 + 7 - -10) + -18 + 22)
